*32/12. Suppose 0 = h*z + 3*o - 64, o + 8 = -o. Is z a composite number?
False
Let i = -65 - -259. Is i composite?
True
Let p = 6272 - 3153. Suppose -2*k + 2 = 0, 4*w + 2*k + k - p = 0. Is w a prime number?
False
Let q be (-15 + -1)*(-2)/4. Suppose q = -4*m + 420. Is m prime?
True
Let l = 4 + 0. Suppose 5 = -z - l*z, 0 = -2*a - 4*z + 318. Is a prime?
False
Suppose -4*s - 5 = 3*t, 4*t + s + 2*s = -9. Is (10/t)/(2/(-39)) a prime number?
False
Let r(y) = -y + 17. Suppose -g = -2*g + 2*p + 18, 27 = 2*g - p. Let t be r(g). Is (-3)/((-3 + 2)/t) prime?
False
Let m(j) be the second derivative of -j**5/20 - j**4/3 - j**2 - 2*j. Let x be (-4)/10 - (-23)/(-5). Is m(x) a prime number?
True
Suppose 0*y - 2*h + 14 = 3*y, 2*y = -h + 8. Suppose 0 = -5*l - y*m + 1467, 0*l - m = -2*l + 585. Is l a composite number?
False
Is (-3*1)/((-1)/149) composite?
True
Let g be (-18)/(-15)*20/6. Suppose 0 = 2*n - 4, -3*b + 5 = g*n - 432. Is b a composite number?
True
Let u(q) = -2*q**2 + 3*q**2 + 0*q + q + 1. Let f be u(0). Is f/2 - (-19)/2 prime?
False
Let t(s) = s**3 + 1. Let x(m) = 3*m**3 - 3*m**2 - 3*m - 2. Let q(p) = -2*t(p) + x(p). Let d be q(4). Suppose -v + 35 - 4 = d. Is v a composite number?
False
Let z(u) = 13*u - 6. Let g be z(4). Suppose -5*a = g - 176. Is a prime?
False
Let g be (-9)/(-2 - 1) + 375. Is g/10 + (-1)/(-5) prime?
False
Is ((-32050)/15)/(4/(-6)) composite?
True
Let i(n) be the first derivative of 3*n**4/2 + 2*n**3/3 + n**2/2 + 2. Let j = 0 - -2. Is i(j) prime?
False
Let w(h) = h + 9. Let p be w(-7). Suppose p*x + 0*x + 35 = 5*r, 0 = 2*r - x - 14. Suppose 3*a - r = -o + 92, 3*o - 341 = 2*a. Is o prime?
False
Let i(t) = -t**3 - 21*t**2 + 29*t + 18. Is i(-23) a prime number?
True
Let f = -1 + 3. Let r be 2 + (-20 - f) + -1. Is (-7)/(r/6) - -65 a composite number?
False
Let a = 9 + -5. Suppose 0 = -2*o + 4, -2*i + 1484 = 3*i - 3*o. Suppose -5*x - 3*g + i = 0, -122 = -x - x - a*g. Is x a composite number?
False
Suppose -2*z - 5*f + 217 = -363, 881 = 3*z + 2*f. Let y = z - 184. Is y a composite number?
True
Suppose 4*p - 5 - 15 = 0. Suppose 0 = p*c + 20 - 0. Is 20/5*(-115)/c a composite number?
True
Is (-147)/(-3) + 0 - 0 a prime number?
False
Suppose -2 - 13 = -4*m - 3*t, 0 = 4*m + t - 13. Suppose s + m*s = 316. Is s prime?
True
Suppose 2 = 4*m - p - 9, -5*p + 5 = 0. Suppose m*v = 4*v - 376. Is ((-1)/2)/((-4)/v) a composite number?
False
Let t = -5 + 7. Suppose 0 = -t*z + z. Suppose 0 = 2*c - 4*h + 12, z*c - 3*h = 3*c - 27. Is c a prime number?
False
Let d(g) = 164*g + 1. Is d(2) composite?
True
Suppose 4*v + 4*u = 1324, -2*v + 665 = -u + 2*u. Is v a composite number?
True
Suppose -4*j + 5*m = -5*j + 30, -4*j = -2*m - 54. Is j composite?
True
Suppose 0*s - 3*s = 129. Let r = 26 - s. Is r a prime number?
False
Suppose -z - 3*d = -1, 0 = 4*z + 3*d + 24 - 1. Let p(u) = -u**2 - 11*u - 10. Is p(z) a prime number?
False
Let u(w) = 18*w**2 + 1. Let l = 7 + 1. Let i = -7 + l. Is u(i) composite?
False
Suppose 2*i = -3*k + 7*k + 18, -17 = -5*i + 3*k. Let z be 0/i + (-6)/(-3). Is 45 - -4*1/z prime?
True
Let i(k) = -k. Let b be i(0). Suppose 0 = -b*r - 2*r + 134. Suppose -t + 153 = 4*q, -3*t + 267 = 5*q + r. Is q a composite number?
False
Let z = 0 - 0. Suppose b + 0*b + 766 = z. Is 6/15 + b/(-10) a prime number?
False
Suppose -2*r - 312 = -4*d, d - 5*r - 71 = -r. Is d prime?
True
Let r = -12 - -3. Let s be 12/r*21/(-2). Suppose -n - 2*z + s = -1, 120 = 5*n - 5*z. Is n composite?
True
Let q be 6/(-24) - 42/(-8). Suppose g = -q*v - 3*g - 255, g = 0. Let o = v - -208. Is o composite?
False
Let h(o) = -2*o - 7. Let x be h(-5). Let w(m) = m - m**2 - m**3 + 2*m**x + 1 - 5*m. Is w(3) composite?
False
Suppose 3*s + 0*s = -87. Let h(y) = -17*y + 3. Let b be h(3). Let z = s - b. Is z prime?
True
Let t be -18*1 - (-2 - -2). Let w = t - -229. Is w a composite number?
False
Suppose 0*r = 5*s + 4*r - 197, r - 188 = -5*s. Is s prime?
True
Let h(l) = 2*l**2 + 11*l - 13. Let d(o) = 13*o**2 + o. Let z be d(-1). Is h(z) a prime number?
False
Let o(n) = 656*n + 21. Is o(7) prime?
False
Let x(w) = 2*w**2 + 4*w + 59. Is x(-18) composite?
True
Let u(f) = -158*f - 7. Let a be u(5). Let m = 1384 + a. Is m a prime number?
True
Let o be (5 + 2)/(2/26). Let r(d) = -36*d - 4. Let m be r(-4). Let i = m - o. Is i a prime number?
False
Let c be (-382)/(-8) - (-2)/8. Suppose 0 = 5*u + c - 533. Is u a prime number?
True
Let v be (-8)/(-3) - 4/6. Suppose -2*b = 2*b - v*f - 86, -4*b = -f - 81. Is b prime?
True
Suppose 4*j - 16 = 0, -j = 3*l + 2*l + 16. Let f = l + 5. Is ((-127)/(-1))/(1/f) a prime number?
True
Let k = -2 - -9. Let m = 6 + -3. Suppose k*q = m*q + 236. Is q composite?
False
Suppose 0*o + 1036 = 4*o. Is o composite?
True
Suppose -30*g + 3935 = -25*g. Is g a prime number?
True
Suppose 3*x - 2*y = 7*x - 312, -87 = -x - 5*y. Is x a composite number?
True
Suppose 2395 = -0*q + 5*q. Is q a prime number?
True
Let v = 1168 + -718. Suppose 2*s + s - v = 0. Is (-1)/2 - s/(-4) a prime number?
True
Is (-396)/(0 + -1) + 1 prime?
True
Suppose -3*y - h = -64, -2*y - 4*h + 30 = -6. Is y a prime number?
False
Suppose 0 = -5*m - b + 6910, 2*m + 4*b + b - 2787 = 0. Is m prime?
True
Suppose 0 = -2*n + 28 - 82. Let i = 155 + 33. Let m = i + n. Is m a composite number?
True
Let m be -1 - (-1)/((-3)/24). Let x = -12 - m. Is (-170)/x + 3/9 a composite number?
True
Is 157/(-2)*14/(-7) a prime number?
True
Let h = -541 - -806. Is h prime?
False
Let w(x) = -88*x - 13. Is w(-4) a composite number?
True
Let k = -26 + 45. Is k a prime number?
True
Let w be 20/(-15) + (-1)/(-3). Is 57 + (2 - 5) + w a composite number?
False
Is (-52)/(-5) + 12/20 prime?
True
Let t(o) = 5*o**3 - 12*o**2 - 4*o + 12. Let h(n) = -4*n**3 + 12*n**2 + 4*n - 13. Let c(d) = -6*h(d) - 5*t(d). Is c(-13) composite?
False
Let y(s) = s + 1. Let h be y(2). Let k(p) = 10*p**2 + 3 + 9*p + p - 10*p. Is k(h) prime?
False
Let x(b) = -161*b. Is x(-1) composite?
True
Let f(k) = k**2 + 10*k - 5. Is f(-12) composite?
False
Let k(h) = -4*h**3 + h. Let n be k(-1). Suppose -261 = -n*a + 78. Is a a composite number?
False
Suppose -5*o + 33 - 148 = 0. Let n = o - -44. Is n composite?
True
Let h = 3 - 1. Is h prime?
True
Let b = -2 + 7. Suppose 7*p = 2*p + b. Is p/(-2)*(-156)/2 a prime number?
False
Let s(c) = 88*c + 4. Let o be s(6). Let t = 64 + -64. Suppose t = 3*v + v - o. Is v prime?
False
Is (-28330)/(-9) + 3 + (-4)/(-18) composite?
True
Suppose 0*p - p + 59 = 0. Let u = p + -34. Is u a prime number?
False
Let h = 34 + -24. Suppose 0*a - a = 2*x - 5, -2*x - h = -2*a. Suppose -a*i = -i - 452. Is i prime?
True
Let p(a) = 14*a**2 + 16*a - 13. Is p(6) a prime number?
True
Suppose -4*g = -3*g - 2. Suppose 64 = g*k + 3*r - 187, 5*k - 611 = -2*r. Is k a prime number?
False
Suppose -5*l = 2*z - 13, 0 = -6*z + 2*z + l + 15. Is (-161)/(-28)*1*z a composite number?
False
Suppose 0 = 2*f - u - 1 - 2, 5*f + 2*u = 12. Suppose 2*b = -3*o + f*o + 59, -3*b = o - 60. Suppose -3*v + z = -83, 2*v - o = -0*v + z. Is v a composite number?
True
Let n(m) = 3*m - 10. Let j be n(10). Suppose -2*f + f = -5. Suppose 6*s = f*k + 2*s - 395, -j = -4*s. Is k composite?
False
Let y be (-4)/(-16) - (-182)/8. Let b = y - 13. Suppose b*x = 5*x + 385. Is x a composite number?
True
Suppose 0*r = 4*s - 5*r - 91, 4*r - 107 = -3*s. Suppose 2*m + s = 3*x, -x = x + m - 17. Let f = x + -2. Is f composite?
False
Suppose 0 = m - 6 - 54. Let x(j) = -40*j**3 - 2*j + 1. Let v be x(1). Let i = m + v. Is i prime?
True
Suppose 0 = -3*l - l. Suppose -6*j + 1145 + 901 = l. Is j a composite number?
True
Let s(m) = 4*m**2 + m + 4. Let k = -13 + 7. Let u be s(k). Let j = u + -77. Is j composite?
True
Let f(k) = -k**3 + 11*k**2 - 10*k + 3. Let x be f(10). Suppose -x = 3*w + 3*s + 15, -5*w - 2*s = 24. Is (w + -1)*26/(-5) composite?
True
Let i be (-5)/(-3) - 8/(-24). Is (4/8)/(i/76) a composite number?
False
Let q be (-10)/(-5)*10/4. Suppose -5*z + 135 = -3*z - q*t, 5*t = 3*z - 200. Is z a composite number?
True
Suppose s - 1928 = -t, 5 = 5*s - 0. Is t prime?
False
Let i(p) = 56*p**3 - 6*p**2 + 7*p - 5. Is i(4) a composite number?
False
Let d = 864 - 307. Is d a composite number?
False
Let a = -225 + 412. Is a a prime number?
False
Let r = -1921 + 3240. Is r composite?
False
Suppose 0 = -6*s + s + 25. Suppose